 v**3 + v**2 + v. Suppose -5*c + 22 = 2. Let x = 2 - c. What is l(x)?
-6
Let c = 5 + -3. Let j(p) = 16 - 14 + 6*p - 2 - 7*p. Determine j(c).
-2
Let y(x) = 12*x**2 - 2*x + 1. Suppose 5*u + 5*b = 3*u + 22, 8 = 4*u + b. Determine y(u).
11
Let t(m) = -m + 8. Let g(c) = 2*c - 15. Let x(o) = -4*g(o) - 7*t(o). Calculate x(2).
2
Let n be (-5 - -5) + (-4)/(-2). Suppose 2*r = -n*r + d + 9, r - 3 = d. Let f(i) = -i - 2*i + i**2 + r*i**2. Give f(2).
6
Suppose -4*s + 3 - 1 = -2*b, s - 5*b = -4. Let i(c) = -1 + 2*c + 0*c - 11*c**2 + 3*c**2. Calculate i(s).
-7
Let y(f) = f**2 - 9*f + 18*f + 2 - 2 + 1. What is y(-6)?
-17
Suppose -4*r + 63 - 7 = 0. Let c = 18 - r. Let n(l) = 3*l - 4. Give n(c).
8
Let l(k) = k**3 + 4*k**2 - 2*k - 5. Suppose -4*z - 36 = 5*w, w + 2*w + 28 = -4*z. Let y be z*2/2*1. Determine l(y).
3
Let n(f) be the second derivative of f**4/4 + 3*f**3/2 + 9*f**2/2 - f. Let x(d) = 2*d**2 + 8*d + 8. Let c(o) = -3*n(o) + 4*x(o). Determine c(5).
5
Let f(v) = -4*v**3 - v. Let l be -4 + 1 + (-10 - -14). Determine f(l).
-5
Let u(z) = -8*z - 14. Let r(q) = 3*q + 5. Let v(a) = -14*r(a) - 5*u(a). Determine v(-3).
6
Let v(o) = -2*o**2 + 0*o**2 + 13*o**2 - 2 - 7*o. Let t(j) = -6*j**2 + 4*j + 1. Let k(n) = -5*t(n) - 3*v(n). Calculate k(-1).
-3
Suppose -2*d + 1 - 6 = -5*n, -4*d - n = -23. Let t(s) = s**3 - 4*s**2 - 8*s + 7. Determine t(d).
-8
Let s(l) be the second derivative of 1/2*l**3 + l - 2*l**2 + 0. Give s(3).
5
Suppose 0 = 31*x - 28*x - 24. Let w(f) = -f**3 + 8*f**2 + 2*f + 8. Calculate w(x).
24
Suppose 3*z - z - 2 = 0. Let f(m) = -m**3 + m**2 - m. What is f(z)?
-1
Let g(t) = -10 + 3*t - 19*t + 9*t + 9*t. Calculate g(8).
6
Let g(o) be the third derivative of -o**4/24 - o**2. Suppose -5*l + 5 + 15 = 0. Suppose -18 = -3*f + l*k, 0*f + 4*k = -2*f - 8. What is g(f)?
-2
Let k(m) = 3*m**2 + 3 - 2*m + 40*m**3 - 41*m**3 - m. Suppose 5*o - 4*a - 23 = 0, 0 = -4*o + a + 10 + 15. Suppose 2 = 3*f - o. Determine k(f).
-6
Let f(v) be the second derivative of 0 + 7/6*v**3 + 1/2*v**2 - v + 1/12*v**4. Determine f(-6).
-5
Suppose -2 = 2*d + 5*q - 1, 0 = -2*q - 6. Suppose -u + d = 8. Let x(o) = 3*o**2 + 2*o + 1. Determine x(u).
2
Let o(u) be the first derivative of -u**6/120 + u**5/15 + u**4/6 - u**3/2 + u**2/2 - 4. Let d(i) be the second derivative of o(i). What is d(5)?
-8
Let d(l) be the second derivative of 0 + 1/6*l**3 - 3*l + 9/2*l**2. Calculate d(0).
9
Let i(o) = o + 3. Suppose -3*n + 2 = 4*u + 29, 0 = 5*u - n + 10. Determine i(u).
0
Let s = -4 + 7. Let l = s - -3. Suppose -w + l - 1 = 0. Let r(u) = -u + 3. Give r(w).
-2
Let y(d) be the first derivative of 6*d**2 + d - 40. Calculate y(-1).
-11
Let x(k) = -k - 3. Let u(t) = -8*t**2 - 2. Let f(y) = 4*y**2 + 1. Let a(l) = 5*f(l) + 2*u(l). Let s be a(1). What is x(s)?
-8
Let o(w) = -4*w**3 - 4*w**2 - 4*w + 5. Let u(b) = b**3 + b**2 + b - 1. Let g(y) = 2*o(y) + 9*u(y). Give g(-1).
0
Let k(c) = c - 4. Let r(y) = -y**2 - 9*y - 10. Let o be r(-7). What is k(o)?
0
Suppose 0*a + 3 = 3*a, -5*o + 3*a = -7. Let z(u) = -u**3 + 4*u**2 - 4*u + 3. What is z(o)?
3
Suppose 5*w + 19 + 1 = 0. Let d(p) = -13*p + 19*p - p**2 - 9*p. Determine d(w).
-4
Let d = 9 - 7. Suppose 4*p - d = 22. Let c(n) = n - p*n - 6*n - 1 + 9*n. Calculate c(2).
-5
Let y be (-8 - 1)*(-8)/24. Suppose -1 - 23 = -y*r. Let m be 2/(-2) + (-8)/r. Let t(a) = 3*a + 1. What is t(m)?
-5
Let v(t) = t**2 - 1. Suppose 3 = 2*j - b, 0 = -3*j - 0*j - 4*b + 32. Let z be 35/(-14)*j/(-5). What is v(z)?
3
Let j(f) = -2 - 2*f + 2. Let i be 8/(-2) + -5 + 16 + -8. Calculate j(i).
2
Let k(c) = -c + 6. Let y = -54 + 90. Let u be 9/y - 2/8. Give k(u).
6
Let b = 4 + -2. Let c(v) = 3*v + 4 + 1 - 3 + v**b. What is c(-4)?
6
Let q(c) = -c - 5. Suppose -5 - 5 = 2*p. Give q(p).
0
Let g be -3 + (-6)/3 - -1. Let s be (-1 - 1*-4) + g. Let x(a) = -4*a**3 - a**2 - a - 1. Give x(s).
3
Let c(m) = 7*m. Let n(j) = -8*j. Let y be ((-42)/9)/((-4)/(-6)). Let q(b) = y*c(b) - 6*n(b). Determine q(2).
-2
Let q be (1/4)/((-1)/(-4)). Let h(y) = y + 1 - q. Suppose c = -3*r - 11, 0 = r + 3*r + c + 15. Determine h(r).
-4
Let c(d) = d**3 - 10*d**2 + 11*d - 11. Suppose 2*j - 18 = 3*i, j - 5*j - 5*i + 36 = 0. Calculate c(j).
7
Let d be 2/1 - 10/5. Let y(h) = h + 4 - 4*h + d + 5*h. Let m be (-4)/8 + (-18)/4. Give y(m).
-6
Let x(k) be the third derivative of k**6/120 - k**5/60 + k**4/24 - k**3/6 - 2*k**2. Calculate x(2).
5
Let c(i) = i + 7. Let y = -21 - -15. Give c(y).
1
Let a(u) = -u + 1. Let f(x) = 9*x - 3. Let l(d) = -4*a(d) - f(d). Let s(m) = 5*m + 1. Let n(p) = 6*l(p) + 5*s(p). Give n(-1).
4
Let b(s) = -s**2 + s + 18. Let l be 5 + 10*5/(-10). Give b(l).
18
Let l(n) be the second derivative of n**5/10 - n**4/4 + n**3/6 + n**2/2 + 8*n. Determine l(2).
7
Let b(g) be the first derivative of -g**4/12 - g**2/2 + 2. Let y(c) be the second derivative of b(c). What is y(-1)?
2
Let d(l) = -2*l - 4 + 5 - 3*l**3 + 4*l**3. Suppose 26 = 3*n - 5*x, 0 = 3*n - 4*n + 4*x + 11. Suppose -2*p = -n*p + 5. Give d(p).
0
Let w(u) = -u**3 - 4*u**2 + 4*u - 5. Suppose 3*l + 40 = 5*n - 2*l, 3*n + 5*l = 56. Let v be 6/n*(-1 - 9). What is w(v)?
0
Let f(g) = 4*g + 2*g - 3*g. Let u be -5*-4*2/5. Let p(d) = d**3 - 7*d**2 - 7*d - 6. Let m be p(u). Calculate f(m).
6
Let q(v) = v**3 - v**2 - 3*v - 2. Let t be 26/(-6) + 3 - 4/6. What is q(t)?
-8
Let p(l) = l - 7. Let f be (-7)/((-7)/(-2)) + 4. Suppose 0 = -b - 4*b + 75. Suppose -5*u + b = -f*u. What is p(u)?
-2
Let p(n) = 1 + n - 7*n + 2*n. Let x be p(2). Let q = x + 9. Let h(l) = l. Calculate h(q).
2
Let s(j) = -j**2 - 7. Let k(z) = -3*z**2 - z - 21. Let x(q) = -4*k(q) + 11*s(q). What is x(-5)?
12
Let v(j) = -j**2 - j + 1. Let w(m) = 4*m**2 - m - 5. Let p(r) = 3*v(r) + w(r). Let c(d) = d**2 + d + 2. Let i be c(-2). Calculate p(i).
-2
Let o(y) = y**3 + 5*y**2 - 8*y. Let a be (0 + 3/(-6))*(10 - -2). What is o(a)?
12
Let x(p) = 5*p - 26. Let b(f) = -f + 5. Let m(l) = 33*b(l) + 6*x(l). Suppose -8*n = y - 6*n - 6, -24 = -4*y - 4*n. Calculate m(y).
-9
Let h be (11 - 3)/(0 - -2). Let r(n) = n - 6. Determine r(h).
-2
Let v be (-29)/5 + (-4)/20. Suppose p = -p + 8. Let z be 28/(-21)*v/p. Let n(w) = -2*w**2 + 2*w + 1. Give n(z).
-3
Let s(u) = 11*u - 1. Let v(k) = 2*k**3 + 16*k**2 + k + 9. Let b be v(-8). Give s(b).
10
Let b be (4*(-3)/6)/(-1). Let u(a) = -5 - 5*a - a**b - 1 + 2*a + 10*a. Determine u(4).
6
Suppose -2*b - b - s + 9 = 0, 2*s + 6 = 0. Let i(j) = j + 2*j + 12 - 4 + j**3 - 6 + b*j**2. What is i(-3)?
2
Let r(z) = -z**2 - 4*z + 7. Let u(i) = -2*i**2 - i + 4. Let g be u(2). Determine r(g).
-5
Let t(h) = -h**3 + 4 + h - h**2 - 3 + 0*h**2. Let b be t(-2). Let c(y) = -y + 1 - 4 + 10. Determine c(b).
4
Let d(t) = 9*t + 93. Let h be d(-11). Let f(q) = 4 + 3 - 2 + 2*q. Calculate f(h).
-7
Let f(b) = 2*b**3 - b**2 - 2*b + 2. Suppose -2*g = z - 4, g - 6*z = -z + 2. Let t be f(g). Let h = t - 7. Let c(m) = -m**3 + m**2 + 5*m - 3. Give c(h).
-6
Let h be (-2)/(-7) - 96/42. Let a be ((-1)/((-2)/28))/h. Let j(p) = p**2 + 8*p + 3. Give j(a).
-4
Suppose -3*l - 3 = -12. Let i(r) = 0 - r**2 + l - 4 - 7*r. Determine i(-7).
-1
Let u(s) be the first derivative of s**2/2 - 4*s - 21. Give u(4).
0
Let w(l) = 2*l + 11. Let o(d) = -d - 6. Let z(j) = -7*o(j) - 4*w(j). Let r be (-176)/(-33) - (-2)/(-6). Give z(r).
-7
Let h(k) be the first derivative of -k**3/3 - 7*k**2/2 - 4*k + 6. Determine h(-7).
-4
Suppose -5*g - 1 = 4. Let o(y) = -2*y**2 + 1. What is o(g)?
-1
Let c = 15 - 12. Let s(a) = -2*a**2 + a - 5. Let z(j) = j**2 - j + 1. Let g(q) = s(q) + 3*z(q). Let o be g(c). Let h(d) = -8*d - 1. Give h(o).
-9
Let y(p) = 25*p. Let x be y(1). Let r = 28 - x. Let g(k) = -k**3 + 4*k**2 - 2*k - 1. Calculate g(r).
2
Let s(c) be the second derivative of 0 + 1/6*c**3 + c - 3*c**2. Suppose -2*u = 46 - 58. Determine s(u).
0
Let l(p) = -2*p + 2. Let d(u) = -6*u + 7. Let v(j) = 2*d(j) - 7*l(j). Let k = -12 + 13. Give v(k).
2
Let i(h) = -h**3 - 11*h**2 - 11*h - 15. Let o be i(-10). Let s(p) = p**3 + 6*p**2 + 6*p + 1. Determine s(o).
-4
Let g(u) = 3*u**3 + u**2 + u - 10. Let l(b) = 2*b**3 + b**2 + b - 9. Let q(t) = -3*g(t) + 4*l(t). Give q(0).
-6
Let p be 13 - 1 - 4*1. Let y(o) = -11*o + 3*o + 3*o + 4*o - p. Calculate y(-4).
-4
Let q(t) = t**2 - t + 2. Let z(x) = x**2 + 17*x. Let k be z(-17). What is q(k)?
2
Let d(s) be the second derivative o